f h and g?
1
Suppose 4*f - 1992 = 2*h, -13*h + 2490 = 5*f - 18*h. What is the highest common divisor of 6 and f?
6
Let k(z) = -6*z**3 - 23*z**2 + 12*z + 6. Let h be k(-5). Let f = -3 - 3. Let l be f/4*22/(-3). What is the greatest common factor of l and h?
11
Let z = 91 - 77. Calculate the greatest common divisor of z and 21.
7
Suppose -f + 0*f - 4 = 0, 3*f = -4*l + 36. Calculate the greatest common divisor of 24 and l.
12
Let f = -3137 + 3145. Let u be (2/(-4))/((-1)/16). Calculate the highest common divisor of f and u.
8
Suppose -2*a = -6, 0*s - 4*s - 4*a + 112 = 0. Let p be 0 + 1 + -2 + 101. What is the highest common factor of p and s?
25
Let m be (76/(-16))/((-3)/12). Let a = 4 + m. Let u = a - 15. Calculate the highest common divisor of 8 and u.
8
Let a(r) = r - r - 3*r + 3*r**2. Suppose 4*c = -g + 9, 2*g - 21 = 4*g - 5*c. Let d be a(g). Calculate the greatest common factor of d and 24.
12
Let p be (0 - -1) + (-6)/(-1). What is the greatest common factor of p and 371?
7
Suppose o + 11 = 2*o. Let j be (-2)/(-17) + 37944/1734. What is the greatest common divisor of o and j?
11
Let t = -20 + 25. Suppose -t*k + 0*k = -315. Let c = k - -9. Calculate the greatest common factor of 18 and c.
18
Suppose l = -4*z - 79, 5*l - 3 = 2. Let k be ((-855)/z)/(-9)*(-5 + 1). What is the highest common factor of 95 and k?
19
Let m(i) = -i**3 - i**2 + 31*i + 96. Let g be m(-3). What is the greatest common divisor of 42 and g?
21
Suppose -45 = 5*u - 4*r, 5*r + 17 = u + 47. Let t be (1 - u - -2)*1. Let s = -18 - -34. Calculate the greatest common divisor of t and s.
8
Let s(v) = 6*v**2 - 3*v + 1. Let t be s(2). Suppose 17*j = 15*j + 342. What is the greatest common divisor of j and t?
19
Let r(f) = f**3 - 12*f**2 + 17*f - 18. Let s be r(11). Calculate the greatest common divisor of s and 16.
16
Let w be 1/1*400/16. Let k = -26 + w. Let m(z) = 16*z**2. Let d be m(k). What is the greatest common divisor of 8 and d?
8
Let u(i) = i**2 - 9*i + 64. Let v be u(12). What is the highest common factor of 5 and v?
5
Let j be ((-9)/1 - 3)/((-21)/14). Let y = 15 + -14. Calculate the greatest common divisor of j and y.
1
Let z = 11 - 7. Suppose -90 = z*h - 9*h. Let y = -5 - -23. Calculate the highest common factor of h and y.
18
Suppose 0 = -4*z + 5*t + 63, 0 = 5*z + t - 3*t - 83. Let o = z - 13. Suppose o*g = 208 + 112. Calculate the highest common divisor of g and 10.
10
Let p(n) = -29*n - 25. Let y be p(-1). Calculate the greatest common factor of y and 4.
4
Let v(w) = -w + 9. Let t be v(6). Suppose -1 = -t*p + 56. Let k = -344 + 401. What is the greatest common divisor of k and p?
19
Suppose 5*y - 5*s - 110 = 0, -3*y = 2*y + s - 86. Suppose 5*x - 16 = 2*o, 2*x - 12 = 2*o - 2. What is the highest common divisor of y and x?
2
Suppose 0 = 4*h - 555 - 1349. Calculate the highest common divisor of 17 and h.
17
Suppose 0 = 5*v - 8*v - 3, -47 = -5*p + 2*v. Let w be (p*4/16)/((-1)/(-128)). What is the greatest common divisor of 32 and w?
32
Suppose 0 = 21*i - 7 - 1337. Calculate the highest common factor of i and 80.
16
Let n(u) = -2*u**2 + 5*u + 8. Let t be n(6). Let g be (-2988)/t - (-8)/68. Let d be g + 4 + (-4)/2. What is the greatest common divisor of d and 60?
30
Let b = 90 - 62. Suppose -4*p - 5*m = -b, 2*p - 5 = -2*m + 7. What is the greatest common factor of p and 18?
2
Let k be 4 + 123 - (12 - 3). Calculate the greatest common factor of 767 and k.
59
Suppose -16*j = -20*j + 24. Calculate the greatest common divisor of 8 and j.
2
Let s = -108 + 126. Suppose 19*o - s*o = 5. Calculate the greatest common factor of 5 and o.
5
Let w be -2 - (-2 - 12)*5. Let o be -2*(1 + (-3)/2)*-35. Let t = w + o. Calculate the highest common divisor of 11 and t.
11
Let i be 15/10 + (-1)/(-2). Let o be (-3)/((-1)/(-2) - i/1). Suppose 4*f + 28 = 4*d, 3*f + 14 + 11 = 5*d. What is the greatest common factor of d and o?
2
Let s(a) = -a**2 + 6*a - 1. Let f be s(3). Suppose 4*u + 37 = -p, -2*u + 9 = 4*p + 31. Let j = u - -17. Calculate the greatest common factor of f and j.
8
Suppose -184*h + 183*h + 2*g = -33, -4*h - 2*g + 132 = 0. What is the greatest common divisor of h and 1353?
33
Suppose -29*y - 126 = -532. Suppose -3*h = -0*h - 63. Suppose -2*l + h + 35 = 0. What is the greatest common factor of y and l?
14
Suppose 446 = 2*l + c - 99, 0 = l - 2*c - 260. Calculate the highest common divisor of 20 and l.
10
Let y(s) = s**3 - 7*s**2 + 13*s - 12. Let d be y(6). Suppose 9*o - d = 24. Calculate the greatest common factor of 10 and o.
2
Suppose -6*l + 4 = -1106. What is the greatest common factor of l and 111?
37
Suppose -5*g + 1479 = 479. What is the greatest common divisor of 56 and g?
8
Let v be (2 - -1)*2/3. Suppose 4*s - 4 = 0, a + 2*s = -s + 19. What is the greatest common divisor of a and v?
2
Let c(y) = y**2 + 2*y + 29. Let n be c(0). Suppose -5*a + 10 + 0 = 0. Let t = n - a. What is the highest common factor of t and 297?
27
Suppose 0 = 3*o, -4*o + 2*o + 82 = l. Let n = -43 + l. Calculate the greatest common divisor of 26 and n.
13
Let u(h) = h**3 + 24*h**2 - 26*h - 21. Let s be u(-25). Let q be 1/(-2) + 18/4. Calculate the greatest common divisor of q and s.
4
Let j be ((-5)/15)/(-3*1/63). Calculate the greatest common factor of 56 and j.
7
Let n = -267 + 281. What is the greatest common divisor of 16 and n?
2
Let a = 510 + -279. Calculate the greatest common factor of a and 42.
21
Suppose 281*o - 304*o + 2645 = 0. Calculate the highest common divisor of 138 and o.
23
Suppose -3*l + l - 10 = -3*b, -5*b - 3*l - 15 = 0. Let h be 38 - (2 - (b + 4)). What is the highest common factor of h and 16?
8
Suppose 0 = 5*w + d - 19, 0 = 5*w + 2*d - 11 - 7. Let j = 48 - 33. Suppose 59 = w*n + j. What is the highest common divisor of n and 11?
11
Suppose 10 = -2*r, 5*q + 2*r - 400 = 415. What is the highest common divisor of q and 225?
15
Suppose -127 - 27 = -11*q. Suppose -61 = -3*c + 2. Calculate the greatest common divisor of q and c.
7
Let g(r) = r**3 + 2*r**2 - 8*r + 4. Let w be g(-4). Suppose w*b + 3*n + 2*n = 156, -5*b - 3*n = -195. What is the highest common factor of b and 26?
13
Let l be -2 + (6 + 0 - -2). Let x be (96/(-10))/(4/(-20)). What is the greatest common divisor of l and x?
6
Suppose 0 = 3*v + 2*v + 10. Let k be (14/21)/(v/(-9)). Suppose l + l - 313 = -u, 755 = 5*l - k*u. Calculate the greatest common factor of l and 14.
14
Let t be (1 - 216)*((-24)/(-15))/4. Let i = t - -118. Calculate the greatest common divisor of 32 and i.
32
Let x(b) = b**3 + 5*b**2 - 5*b - 5. Let a be ((-2)/(-3))/(8/(-84)). Let i = a + 2. Let z be x(i). What is the highest common factor of z and 30?
10
Let c(i) = 2*i**3 - 41*i**2 + 28*i + 1. Let y be c(20). What is the greatest common divisor of y and 14?
7
Let b be 7/(-5) + 27/(-45). Let l be b/(-4 + 10)*-3. What is the greatest common divisor of l and 1?
1
Let m = 54 + -51. What is the greatest common factor of 27 and m?
3
Let g(d) = 31*d + 12. Let a be g(-17). Let j be (2 - 0)/(10/a). Let n = 224 + j. What is the greatest common factor of 11 and n?
11
Suppose -5*i + 805 = -5*l, -4*i + 500 = 4*l - 176. What is the greatest common divisor of i and 120?
15
Let d be (12 - -2)*(-72)/(-42). Calculate the highest common divisor of d and 60.
12
Suppose -16 = -3*q - 4, -4*y + 3*q + 644 = 0. What is the highest common divisor of 205 and y?
41
Let t be (-4 - 16/(-6))/((-1)/102). Let l = t - 125. Calculate the highest common divisor of l and 33.
11
Let r be 3/(-1 + 20/14). Let u = 17 - r. Let w be 2/(-1 - u/(-6)). What is the greatest common factor of 33 and w?
3
Let x = -6 - -61. Let d(z) = z**3 + 8*z**2 - 5*z + 10. Let l be d(-9). Let b = -15 - l. Calculate the greatest common divisor of x and b.
11
Suppose -k - 4*k - 20 = 0, -5*w - 5*k = -490. Suppose -1110 = -7*j - w. Calculate the highest common factor of j and 18.
18
Suppose 0 = 4*x + 39 - 7. Let w be (x/(-16))/(((-21)/(-396))/7). What is the highest common factor of w and 22?
22
Let w be (-242)/((-64)/36 + 2). Let v be (-2)/10 - w/45. What is the greatest common divisor of 24 and v?
24
Suppose -a + 4 + 5 = 0. Let b be (4 - 2)/((-3)/27). Let s = 90 + b. What is the highest common factor of a and s?
9
Suppose -28*i + 13814 = 2978. Calculate the greatest common factor of 27 and i.
9
Let h = -211 + 241. What 